{"id":3703,"date":"2022-09-07T14:16:09","date_gmt":"2022-09-07T14:16:09","guid":{"rendered":"https:\/\/tmrwstudio.me\/katerio\/?page_id=3703"},"modified":"2026-03-09T12:26:07","modified_gmt":"2026-03-09T11:26:07","slug":"homepage","status":"publish","type":"page","link":"https:\/\/bluediamondtv.com\/","title":{"rendered":"Accueil"},"content":{"rendered":"\t\t<div data-elementor-type=\"wp-page\" data-elementor-id=\"3703\" class=\"elementor elementor-3703\">\n\t\t\t\t\t\t<section class=\"elementor-section elementor-top-section elementor-element elementor-element-5ee6f1a elementor-section-height-default elementor-section-height-default section-boxed is-skin bg-light bg-no columns-no bg-no wpr-particle-no wpr-jarallax-no wpr-parallax-no wpr-sticky-section-no\" data-id=\"5ee6f1a\" data-element_type=\"section\">\n\t\t\t\t\t\t<div class=\"elementor-container elementor-column-gap-default\">\n\t\t\t\t\t<div class=\"elementor-column elementor-col-100 elementor-top-column elementor-element elementor-element-fe8a292 columns-nosticky\" data-id=\"fe8a292\" data-element_type=\"column\">\n\t\t\t<div class=\"elementor-widget-wrap elementor-element-populated\">\n\t\t\t\t\t\t<div class=\"elementor-element elementor-element-a3a79ea wpr-adv-slider-columns-1 wpr-adv-slider-columns--tablet1 wpr-adv-slider-columns--mobile1 wpr-adv-slides-to-scroll-1 wpr-slider-dots-horizontal elementor-widget elementor-widget-wpr-advanced-slider\" data-id=\"a3a79ea\" data-element_type=\"widget\" data-settings=\"{&quot;slider_amount&quot;:1,&quot;slider_amount_tablet&quot;:1,&quot;slider_amount_mobile&quot;:1,&quot;slides_to_scroll&quot;:1,&quot;slider_loop&quot;:&quot;yes&quot;,&quot;slider_video_btn_size&quot;:&quot;medium&quot;}\" data-widget_type=\"wpr-advanced-slider.default\">\n\t\t\t\t<div class=\"elementor-widget-container\">\n\t\t\t\t\t\n\t\t<!-- Advanced Slider -->\n\t\t<div class=\"wpr-advanced-slider-wrap\">\n\t\t\t\n\t\t\t<div class=\"wpr-advanced-slider\" dir=\"ltr\" data-slick=\"{&quot;rtl&quot;:false,&quot;infinite&quot;:true,&quot;speed&quot;:700,&quot;arrows&quot;:true,&quot;dots&quot;:true,&quot;autoplay&quot;:false,&quot;autoplaySpeed&quot;:0,&quot;pauseOnHover&quot;:&quot;&quot;,&quot;prevArrow&quot;:&quot;#wpr-slider-prev-a3a79ea&quot;,&quot;nextArrow&quot;:&quot;#wpr-slider-next-a3a79ea&quot;,&quot;vertical&quot;:false,&quot;adaptiveHeight&quot;:true}\" data-video-btn-size=\"{&quot;widescreen&quot;:&quot;medium&quot;,&quot;desktop&quot;:&quot;medium&quot;,&quot;laptop&quot;:&quot;medium&quot;,&quot;tablet_extra&quot;:&quot;medium&quot;,&quot;tablet&quot;:&quot;medium&quot;,&quot;mobile_extra&quot;:&quot;medium&quot;,&quot;mobile&quot;:&quot;medium&quot;}\" data-slide-effect=\"slide\">\n\t\t\t\t<div class=\"wpr-slider-item elementor-repeater-item-9e78bba\"><div class=\"wpr-slider-item-bg \" style=\"background-image: url(https:\/\/bluediamondtv.com\/wp-content\/uploads\/2026\/03\/ISOCEL-SA-Nouveaux-Debits-Jan-2026-BlueDiaTV-1001px-x-251px-scaled.png)\"><\/div><div class=\"wpr-cv-container\"><div class=\"wpr-cv-outer\"><div class=\"wpr-cv-inner\"><\/div><\/div><\/div><\/div><div class=\"wpr-slider-item elementor-repeater-item-9865822\"><div class=\"wpr-slider-item-bg \" style=\"background-image: url(https:\/\/bluediamondtv.com\/wp-content\/uploads\/2025\/12\/BETMOMO-GAOT-WA-Banniere-web-1000X250px-AMAZONE.png)\"><\/div><div class=\"wpr-cv-container\"><div class=\"wpr-cv-outer\"><div class=\"wpr-cv-inner\"><\/div><\/div><\/div><\/div>\t\t\t<\/div>\n\t\t\t<div class=\"wpr-slider-controls\">\n\t\t\t\t<div class=\"wpr-slider-dots\"><\/div>\n\t\t\t<\/div>\n\n\t\t\t<div class=\"wpr-slider-arrow-container\">\n\t\t\t\t<div class=\"wpr-slider-prev-arrow wpr-slider-arrow\" id=\"wpr-slider-prev-a3a79ea\">\n\t\t\t\t\t<svg version=\"1.1\" xmlns=\"http:\/\/www.w3.org\/2000\/svg\" xmlns:xlink=\"http:\/\/www.w3.org\/1999\/xlink\" x=\"0px\" y=\"0px\" viewBox=\"0 0 283.4 512\" style=\"enable-background:new 0 0 283.4 512;\" xml:space=\"preserve\"><g><polygon class=\"st0\" points=\"54.5,256.3 283.4,485.1 256.1,512.5 0,256.3 0,256.3 27.2,229 256.1,0 283.4,27.4 \"\/><\/g><\/svg>\t\t\t\t<\/div>\n\t\t\t\t<div class=\"wpr-slider-next-arrow wpr-slider-arrow\" id=\"wpr-slider-next-a3a79ea\">\n\t\t\t\t\t<svg version=\"1.1\" xmlns=\"http:\/\/www.w3.org\/2000\/svg\" xmlns:xlink=\"http:\/\/www.w3.org\/1999\/xlink\" x=\"0px\" y=\"0px\" viewBox=\"0 0 283.4 512\" style=\"enable-background:new 0 0 283.4 512;\" xml:space=\"preserve\"><g><polygon class=\"st0\" points=\"54.5,256.3 283.4,485.1 256.1,512.5 0,256.3 0,256.3 27.2,229 256.1,0 283.4,27.4 \"\/><\/g><\/svg>\t\t\t\t<\/div>\n\t\t\t<\/div>\n\t\t\t\n\t\t\t\n\t\t<\/div>\n\t\t\t\t\t\t<\/div>\n\t\t\t\t<\/div>\n\t\t\t\t\t<\/div>\n\t\t<\/div>\n\t\t\t\t\t<\/div>\n\t\t<\/section>\n\t\t\t\t<section class=\"elementor-section elementor-top-section elementor-element elementor-element-f65cf17 elementor-section-height-default elementor-section-height-default section-boxed is-skin bg-light bg-no columns-no bg-no wpr-particle-no wpr-jarallax-no wpr-parallax-no wpr-sticky-section-no\" data-id=\"f65cf17\" data-element_type=\"section\">\n\t\t\t\t\t\t<div class=\"elementor-container elementor-column-gap-default\">\n\t\t\t\t\t<div class=\"elementor-column elementor-col-100 elementor-top-column elementor-element elementor-element-b9814aa columns-nosticky\" data-id=\"b9814aa\" data-element_type=\"column\">\n\t\t\t<div class=\"elementor-widget-wrap elementor-element-populated\">\n\t\t\t\t\t\t<div class=\"elementor-element elementor-element-4b32af4 elementor-widget elementor-widget-spacer\" data-id=\"4b32af4\" data-element_type=\"widget\" data-widget_type=\"spacer.default\">\n\t\t\t\t<div class=\"elementor-widget-container\">\n\t\t\t\t\t\t\t<div class=\"elementor-spacer\">\n\t\t\t<div class=\"elementor-spacer-inner\"><\/div>\n\t\t<\/div>\n\t\t\t\t\t\t<\/div>\n\t\t\t\t<\/div>\n\t\t\t\t\t<\/div>\n\t\t<\/div>\n\t\t\t\t\t<\/div>\n\t\t<\/section>\n\t\t\t\t<section class=\"elementor-section elementor-top-section elementor-element elementor-element-de143fd elementor-section-height-default elementor-section-height-default section-boxed is-skin bg-light bg-no columns-no bg-no wpr-particle-no wpr-jarallax-no wpr-parallax-no wpr-sticky-section-no\" data-id=\"de143fd\" data-element_type=\"section\">\n\t\t\t\t\t\t<div class=\"elementor-container elementor-column-gap-default\">\n\t\t\t\t\t<div class=\"elementor-column elementor-col-66 elementor-top-column elementor-element elementor-element-67b0d26 columns-nosticky\" data-id=\"67b0d26\" data-element_type=\"column\">\n\t\t\t<div class=\"elementor-widget-wrap elementor-element-populated\">\n\t\t\t\t\t\t<div class=\"elementor-element elementor-element-69cf95e elementor-widget elementor-widget-heading\" data-id=\"69cf95e\" data-element_type=\"widget\" data-widget_type=\"heading.default\">\n\t\t\t\t<div class=\"elementor-widget-container\">\n\t\t\t\t\t<h2 class=\"elementor-heading-title elementor-size-default\">Actualit\u00e9s<\/h2>\t\t\t\t<\/div>\n\t\t\t\t<\/div>\n\t\t\t\t<div class=\"elementor-element elementor-element-4edb854 elementor-widget elementor-widget-posts-blog\" data-id=\"4edb854\" data-element_type=\"widget\" data-widget_type=\"posts-blog.default\">\n\t\t\t\t<div class=\"elementor-widget-container\">\n\t\t\t\t\t\t\t<div id=\"th90-block_1\" class=\"th90-block posts-module posts-grid posts-columns columns2 hspace-medium vspace-medium\" data-current=\"1\">\n\t\t\t\t\t\t\t\t<div class=\"posts-container\">\n\t\t\t\t\t<div class=\"posts-list clearfix post-list-columns\"><div class=\"post-item post-primary post-medium\">\n    <article class=\"post-layout post-medium format-standard\">\n        <div class=\"entry-thumbnail bg-dark\"><a class=\"src-4_3\" href=\"https:\/\/bluediamondtv.com\/?p=18348\" title=\"[international]-GIMS : POL\u00c9MIQUE JUDICIAIRE ET RETOUR MUSICAL AVEC \u00ab SOLEIL \u00bb !\"><div class=\"thumb-container thumb-75\"><img fetchpriority=\"high\" decoding=\"async\" width=\"480\" height=\"269\" src=\"data:image\/gif;base64,R0lGODlhAQABAAAAACH5BAEKAAEALAAAAAABAAEAAAICTAEAOw==\" data-src=\"https:\/\/bluediamondtv.com\/wp-content\/uploads\/2026\/04\/Gims-480x269.png\" class=\"lazyload attachment-post-thumbnail size-post-thumbnail wp-post-image\" alt=\"\" data-srcset=\"https:\/\/bluediamondtv.com\/wp-content\/uploads\/2026\/04\/Gims-480x269.png 480w, https:\/\/bluediamondtv.com\/wp-content\/uploads\/2026\/04\/Gims-300x168.png 300w, https:\/\/bluediamondtv.com\/wp-content\/uploads\/2026\/04\/Gims-200x112.png 200w, https:\/\/bluediamondtv.com\/wp-content\/uploads\/2026\/04\/Gims.png 643w\" data-sizes=\"auto\" data-expand=\"0\" loading=\"eager\" \/><\/div><\/a><\/div><div class=\"post-desc\">\n\n\t<div class=\"post-desc-inner\">\n\n\t\t<div class=\"entry-header\">\n\t\t\t\n\t\t\t<h3 class=\"entry-title h4\">\n\t\t\t\t<a href=\"https:\/\/bluediamondtv.com\/?p=18348\" title=\"[international]-GIMS : POL\u00c9MIQUE JUDICIAIRE ET RETOUR MUSICAL AVEC \u00ab SOLEIL \u00bb !\">[international]-GIMS : POL\u00c9MIQUE JUDICIAIRE ET RETOUR MUSICAL AVEC \u00ab SOLEIL \u00bb !<\/a>\n\t\t\t<\/h3>\n\n\t\t\t\t\t<\/div>\n\n\t\t<div class=\"entry-meta info-div-dot_circle_color\"><div class=\"meta-date\"><a class=\"meta-color\" href=\"https:\/\/bluediamondtv.com\/?p=18348\"><span>3 avril 2026<\/span><\/a><\/div><\/div>\t<\/div>\n<\/div>\n    <\/article>\n<\/div>\n<div class=\"post-item post-primary post-medium\">\n    <article class=\"post-layout post-medium format-standard\">\n        <div class=\"entry-thumbnail bg-dark\"><a class=\"src-4_3\" href=\"https:\/\/bluediamondtv.com\/?p=18334\" title=\"[INTERNATIONAL]-FALLY IPUPA : UNE ANN\u00c9E SYMBOLIQUE EN APPROCHE !\"><div class=\"thumb-container thumb-75\"><img decoding=\"async\" width=\"480\" height=\"323\" src=\"data:image\/gif;base64,R0lGODlhAQABAAAAACH5BAEKAAEALAAAAAABAAEAAAICTAEAOw==\" data-src=\"https:\/\/bluediamondtv.com\/wp-content\/uploads\/2026\/04\/Fally-480x323.png\" class=\"lazyload attachment-post-thumbnail size-post-thumbnail wp-post-image\" alt=\"\" data-srcset=\"https:\/\/bluediamondtv.com\/wp-content\/uploads\/2026\/04\/Fally-480x323.png 480w, https:\/\/bluediamondtv.com\/wp-content\/uploads\/2026\/04\/Fally-300x202.png 300w, https:\/\/bluediamondtv.com\/wp-content\/uploads\/2026\/04\/Fally-200x134.png 200w, https:\/\/bluediamondtv.com\/wp-content\/uploads\/2026\/04\/Fally-768x516.png 768w, https:\/\/bluediamondtv.com\/wp-content\/uploads\/2026\/04\/Fally.png 884w\" data-sizes=\"auto\" data-expand=\"0\" loading=\"eager\" \/><\/div><\/a><\/div><div class=\"post-desc\">\n\n\t<div class=\"post-desc-inner\">\n\n\t\t<div class=\"entry-header\">\n\t\t\t\n\t\t\t<h3 class=\"entry-title h4\">\n\t\t\t\t<a href=\"https:\/\/bluediamondtv.com\/?p=18334\" title=\"[INTERNATIONAL]-FALLY IPUPA : UNE ANN\u00c9E SYMBOLIQUE EN APPROCHE !\">[INTERNATIONAL]-FALLY IPUPA : UNE ANN\u00c9E SYMBOLIQUE EN APPROCHE !<\/a>\n\t\t\t<\/h3>\n\n\t\t\t\t\t<\/div>\n\n\t\t<div class=\"entry-meta info-div-dot_circle_color\"><div class=\"meta-date\"><a class=\"meta-color\" href=\"https:\/\/bluediamondtv.com\/?p=18334\"><span>2 avril 2026<\/span><\/a><\/div><\/div>\t<\/div>\n<\/div>\n    <\/article>\n<\/div>\n<div class=\"post-item post-primary post-medium\">\n    <article class=\"post-layout post-medium format-standard\">\n        <div class=\"entry-thumbnail bg-dark\"><a class=\"src-4_3\" href=\"https:\/\/bluediamondtv.com\/?p=18329\" title=\"{B\u00c9NIN} AGBETOGAN REPOUSSE LES LIMITES : 26 JOURS DE CUISINE ININTERROMPUE \u00c0 COTONOU !\"><div class=\"thumb-container thumb-75\"><img decoding=\"async\" width=\"480\" height=\"472\" src=\"data:image\/gif;base64,R0lGODlhAQABAAAAACH5BAEKAAEALAAAAAABAAEAAAICTAEAOw==\" data-src=\"https:\/\/bluediamondtv.com\/wp-content\/uploads\/2026\/03\/IMG_1036-480x472.jpg\" class=\"lazyload attachment-post-thumbnail size-post-thumbnail wp-post-image\" alt=\"\" data-srcset=\"https:\/\/bluediamondtv.com\/wp-content\/uploads\/2026\/03\/IMG_1036-480x472.jpg 480w, https:\/\/bluediamondtv.com\/wp-content\/uploads\/2026\/03\/IMG_1036-300x295.jpg 300w, https:\/\/bluediamondtv.com\/wp-content\/uploads\/2026\/03\/IMG_1036-1024x1006.jpg 1024w, https:\/\/bluediamondtv.com\/wp-content\/uploads\/2026\/03\/IMG_1036-200x197.jpg 200w, https:\/\/bluediamondtv.com\/wp-content\/uploads\/2026\/03\/IMG_1036-768x755.jpg 768w, https:\/\/bluediamondtv.com\/wp-content\/uploads\/2026\/03\/IMG_1036.jpg 1170w\" data-sizes=\"auto\" data-expand=\"0\" loading=\"eager\" \/><\/div><\/a><\/div><div class=\"post-desc\">\n\n\t<div class=\"post-desc-inner\">\n\n\t\t<div class=\"entry-header\">\n\t\t\t\n\t\t\t<h3 class=\"entry-title h4\">\n\t\t\t\t<a href=\"https:\/\/bluediamondtv.com\/?p=18329\" title=\"{B\u00c9NIN} AGBETOGAN REPOUSSE LES LIMITES : 26 JOURS DE CUISINE ININTERROMPUE \u00c0 COTONOU !\">{B\u00c9NIN} AGBETOGAN REPOUSSE LES LIMITES : 26 JOURS DE CUISINE ININTERROMPUE \u00c0 COTONOU !<\/a>\n\t\t\t<\/h3>\n\n\t\t\t\t\t<\/div>\n\n\t\t<div class=\"entry-meta info-div-dot_circle_color\"><div class=\"meta-date\"><a class=\"meta-color\" href=\"https:\/\/bluediamondtv.com\/?p=18329\"><span>17 mars 2026<\/span><\/a><\/div><\/div>\t<\/div>\n<\/div>\n    <\/article>\n<\/div>\n<div class=\"post-item post-primary post-medium\">\n    <article class=\"post-layout post-medium format-standard\">\n        <div class=\"entry-thumbnail bg-dark\"><a class=\"src-4_3\" href=\"https:\/\/bluediamondtv.com\/?p=18326\" title=\"[COTE D\u2019IVOIRE]: DIDI B EN ROUTE POUR LE Z\u00c9NITH DE PARIS !\"><div class=\"thumb-container thumb-75\"><img decoding=\"async\" width=\"480\" height=\"612\" src=\"data:image\/gif;base64,R0lGODlhAQABAAAAACH5BAEKAAEALAAAAAABAAEAAAICTAEAOw==\" data-src=\"https:\/\/bluediamondtv.com\/wp-content\/uploads\/2026\/03\/IMG_0764-480x612.jpg\" class=\"lazyload attachment-post-thumbnail size-post-thumbnail wp-post-image\" alt=\"\" data-srcset=\"https:\/\/bluediamondtv.com\/wp-content\/uploads\/2026\/03\/IMG_0764-480x612.jpg 480w, https:\/\/bluediamondtv.com\/wp-content\/uploads\/2026\/03\/IMG_0764-300x383.jpg 300w, https:\/\/bluediamondtv.com\/wp-content\/uploads\/2026\/03\/IMG_0764-1024x1306.jpg 1024w, https:\/\/bluediamondtv.com\/wp-content\/uploads\/2026\/03\/IMG_0764-200x255.jpg 200w, https:\/\/bluediamondtv.com\/wp-content\/uploads\/2026\/03\/IMG_0764-768x979.jpg 768w, https:\/\/bluediamondtv.com\/wp-content\/uploads\/2026\/03\/IMG_0764.jpg 1170w\" data-sizes=\"auto\" data-expand=\"0\" loading=\"eager\" \/><\/div><\/a><\/div><div class=\"post-desc\">\n\n\t<div class=\"post-desc-inner\">\n\n\t\t<div class=\"entry-header\">\n\t\t\t\n\t\t\t<h3 class=\"entry-title h4\">\n\t\t\t\t<a href=\"https:\/\/bluediamondtv.com\/?p=18326\" title=\"[COTE D\u2019IVOIRE]: DIDI B EN ROUTE POUR LE Z\u00c9NITH DE PARIS !\">[COTE D\u2019IVOIRE]: DIDI B EN ROUTE POUR LE Z\u00c9NITH DE PARIS !<\/a>\n\t\t\t<\/h3>\n\n\t\t\t\t\t<\/div>\n\n\t\t<div class=\"entry-meta info-div-dot_circle_color\"><div class=\"meta-date\"><a class=\"meta-color\" href=\"https:\/\/bluediamondtv.com\/?p=18326\"><span>12 mars 2026<\/span><\/a><\/div><\/div>\t<\/div>\n<\/div>\n    <\/article>\n<\/div>\n<\/div>\t\t<\/div>\n\t\t\t\t<\/div>\n\n\t\t\t\t\t\t<\/div>\n\t\t\t\t<\/div>\n\t\t\t\t\t<\/div>\n\t\t<\/div>\n\t\t\t\t<div class=\"elementor-column elementor-col-33 elementor-top-column elementor-element elementor-element-08ee744 columns-nosticky\" data-id=\"08ee744\" data-element_type=\"column\">\n\t\t\t<div class=\"elementor-widget-wrap elementor-element-populated\">\n\t\t\t\t\t\t<div class=\"elementor-element elementor-element-f232d49 elementor-widget elementor-widget-heading\" data-id=\"f232d49\" data-element_type=\"widget\" data-widget_type=\"heading.default\">\n\t\t\t\t<div class=\"elementor-widget-container\">\n\t\t\t\t\t<h2 class=\"elementor-heading-title elementor-size-default\">Derni\u00e8re parution<\/h2>\t\t\t\t<\/div>\n\t\t\t\t<\/div>\n\t\t\t\t<div class=\"elementor-element elementor-element-e6b6f7f elementor-widget elementor-widget-image\" data-id=\"e6b6f7f\" data-element_type=\"widget\" data-widget_type=\"image.default\">\n\t\t\t\t<div class=\"elementor-widget-container\">\n\t\t\t\t\t\t\t\t\t\t\t\t\t\t\t<img decoding=\"async\" width=\"1024\" height=\"1448\" src=\"https:\/\/bluediamondtv.com\/wp-content\/uploads\/2025\/12\/COVER-72-1024x1448.png\" class=\"attachment-large size-large wp-image-18259\" alt=\"\" srcset=\"https:\/\/bluediamondtv.com\/wp-content\/uploads\/2025\/12\/COVER-72-1024x1448.png 1024w, https:\/\/bluediamondtv.com\/wp-content\/uploads\/2025\/12\/COVER-72-300x424.png 300w, https:\/\/bluediamondtv.com\/wp-content\/uploads\/2025\/12\/COVER-72-200x283.png 200w, https:\/\/bluediamondtv.com\/wp-content\/uploads\/2025\/12\/COVER-72-768x1086.png 768w, https:\/\/bluediamondtv.com\/wp-content\/uploads\/2025\/12\/COVER-72-1086x1536.png 1086w, https:\/\/bluediamondtv.com\/wp-content\/uploads\/2025\/12\/COVER-72-1448x2048.png 1448w, https:\/\/bluediamondtv.com\/wp-content\/uploads\/2025\/12\/COVER-72-480x679.png 480w, https:\/\/bluediamondtv.com\/wp-content\/uploads\/2025\/12\/COVER-72-scaled.png 1810w\" sizes=\"(max-width: 1024px) 100vw, 1024px\" loading=\"eager\" \/>\t\t\t\t\t\t\t\t\t\t\t\t\t\t\t<\/div>\n\t\t\t\t<\/div>\n\t\t\t\t<div class=\"elementor-element elementor-element-8c4ec40 wpr-button-icon-style-inline wpr-button-icon-position-right elementor-widget elementor-widget-wpr-button\" data-id=\"8c4ec40\" data-element_type=\"widget\" data-widget_type=\"wpr-button.default\">\n\t\t\t\t<div class=\"elementor-widget-container\">\n\t\t\t\t\t\t\n\t\t\t\n\t\t\n\t\t<div class=\"wpr-button-wrap elementor-clearfix\">\n\t\t<a class=\"wpr-button wpr-button-effect wpr-button-none\" data-text=\"Go\" href=\"https:\/\/bluediamondtv.com\/?p=18137\">\n\t\t\t\n\t\t\t<span class=\"wpr-button-content\">\n\t\t\t\t\t\t\t\t\t<span class=\"wpr-button-text\">T\u00e9l\u00e9charger<\/span>\n\t\t\t\t\t\t\t\t\n\t\t\t\t\t\t\t\t\t<span class=\"wpr-button-icon\"><svg class=\"e-font-icon-svg e-fas-angle-right\" viewBox=\"0 0 256 512\" xmlns=\"http:\/\/www.w3.org\/2000\/svg\"><path d=\"M224.3 273l-136 136c-9.4 9.4-24.6 9.4-33.9 0l-22.6-22.6c-9.4-9.4-9.4-24.6 0-33.9l96.4-96.4-96.4-96.4c-9.4-9.4-9.4-24.6 0-33.9L54.3 103c9.4-9.4 24.6-9.4 33.9 0l136 136c9.5 9.4 9.5 24.6.1 34z\"><\/path><\/svg><\/span>\n\t\t\t\t\t\t\t<\/span>\n\t\t<\/a>\n\n\t\t\t\t<\/div>\n\t\n\t\n\t\t\t\t\t<\/div>\n\t\t\t\t<\/div>\n\t\t\t\t<div class=\"elementor-element elementor-element-669e7b1 elementor-widget elementor-widget-heading\" data-id=\"669e7b1\" data-element_type=\"widget\" data-widget_type=\"heading.default\">\n\t\t\t\t<div class=\"elementor-widget-container\">\n\t\t\t\t\t<h2 class=\"elementor-heading-title elementor-size-default\">Cat\u00e9gories<\/h2>\t\t\t\t<\/div>\n\t\t\t\t<\/div>\n\t\t\t\t<div class=\"elementor-element elementor-element-94209b6 elementor-widget elementor-widget-tax-grid\" data-id=\"94209b6\" data-element_type=\"widget\" data-widget_type=\"tax-grid.default\">\n\t\t\t\t<div class=\"elementor-widget-container\">\n\t\t\t\t\t\t\t<div class=\"tax-grid\">\n\t\t\t<div class=\"tax-item\"><div class=\"term-box box-vertical-center\">\n    <div class=\"bg-dark box-holder\">\n        <div class=\"box-holder-img\">\n                    <\/div>\n\n        <div class=\"post-desc text-center\">\n            <div class=\"post-desc-inner\">\n                <h3 class=\"term-title h5\">\n                    <span class=\"term-name\">Actualit\u00e9s<\/span>                <\/h3>\n        \t<\/div>\n        <\/div>\n\n        <a class=\"box-url\" href=\"https:\/\/bluediamondtv.com\/?cat=26\" title=\"Actualit\u00e9s\"><\/a>    <\/div>\n<\/div>\n<\/div><div class=\"tax-item\"><div class=\"term-box box-vertical-center\">\n    <div class=\"bg-dark box-holder\">\n        <div class=\"box-holder-img\">\n                    <\/div>\n\n        <div class=\"post-desc text-center\">\n            <div class=\"post-desc-inner\">\n                <h3 class=\"term-title h5\">\n                    <span class=\"term-name\">B\u00e9nin<\/span>                <\/h3>\n        \t<\/div>\n        <\/div>\n\n        <a class=\"box-url\" href=\"https:\/\/bluediamondtv.com\/?cat=31\" title=\"B\u00e9nin\"><\/a>    <\/div>\n<\/div>\n<\/div><div class=\"tax-item\"><div class=\"term-box box-vertical-center\">\n    <div class=\"bg-dark box-holder\">\n        <div class=\"box-holder-img\">\n                    <\/div>\n\n        <div class=\"post-desc text-center\">\n            <div class=\"post-desc-inner\">\n                <h3 class=\"term-title h5\">\n                    <span class=\"term-name\">Cameroun<\/span>                <\/h3>\n        \t<\/div>\n        <\/div>\n\n        <a class=\"box-url\" href=\"https:\/\/bluediamondtv.com\/?cat=39\" title=\"Cameroun\"><\/a>    <\/div>\n<\/div>\n<\/div><div class=\"tax-item\"><div class=\"term-box box-vertical-center\">\n    <div class=\"bg-dark box-holder\">\n        <div class=\"box-holder-img\">\n                    <\/div>\n\n        <div class=\"post-desc text-center\">\n            <div class=\"post-desc-inner\">\n                <h3 class=\"term-title h5\">\n                    <span class=\"term-name\">cote d&#039;ivoire<\/span>                <\/h3>\n        \t<\/div>\n        <\/div>\n\n        <a class=\"box-url\" href=\"https:\/\/bluediamondtv.com\/?cat=37\" title=\"cote d&#039;ivoire\"><\/a>    <\/div>\n<\/div>\n<\/div><div class=\"tax-item\"><div class=\"term-box box-vertical-center\">\n    <div class=\"bg-dark box-holder\">\n        <div class=\"box-holder-img\">\n                    <\/div>\n\n        <div class=\"post-desc text-center\">\n            <div class=\"post-desc-inner\">\n                <h3 class=\"term-title h5\">\n                    <span class=\"term-name\">football<\/span>                <\/h3>\n        \t<\/div>\n        <\/div>\n\n        <a class=\"box-url\" href=\"https:\/\/bluediamondtv.com\/?cat=65\" title=\"football\"><\/a>    <\/div>\n<\/div>\n<\/div><div class=\"tax-item\"><div class=\"term-box box-vertical-center\">\n    <div class=\"bg-dark box-holder\">\n        <div class=\"box-holder-img\">\n                    <\/div>\n\n        <div class=\"post-desc text-center\">\n            <div class=\"post-desc-inner\">\n                <h3 class=\"term-title h5\">\n                    <span class=\"term-name\">Lifestyle<\/span>                <\/h3>\n        \t<\/div>\n        <\/div>\n\n        <a class=\"box-url\" href=\"https:\/\/bluediamondtv.com\/?cat=44\" title=\"Lifestyle\"><\/a>    <\/div>\n<\/div>\n<\/div><div class=\"tax-item\"><div class=\"term-box box-vertical-center\">\n    <div class=\"bg-dark box-holder\">\n        <div class=\"box-holder-img\">\n                    <\/div>\n\n        <div class=\"post-desc text-center\">\n            <div class=\"post-desc-inner\">\n                <h3 class=\"term-title h5\">\n                    <span class=\"term-name\">Togo<\/span>                <\/h3>\n        \t<\/div>\n        <\/div>\n\n        <a class=\"box-url\" href=\"https:\/\/bluediamondtv.com\/?cat=35\" title=\"Togo\"><\/a>    <\/div>\n<\/div>\n<\/div><div class=\"tax-item\"><div class=\"term-box box-vertical-center\">\n    <div class=\"bg-dark box-holder\">\n        <div class=\"box-holder-img\">\n                    <\/div>\n\n        <div class=\"post-desc text-center\">\n            <div class=\"post-desc-inner\">\n                <h3 class=\"term-title h5\">\n                    <span class=\"term-name\">Videos<\/span>                <\/h3>\n        \t<\/div>\n        <\/div>\n\n        <a class=\"box-url\" href=\"https:\/\/bluediamondtv.com\/?cat=38\" title=\"Videos\"><\/a>    <\/div>\n<\/div>\n<\/div>\t\t\t<\/div>\n\t\t\t\t\t\t<\/div>\n\t\t\t\t<\/div>\n\t\t\t\t<div class=\"elementor-element elementor-element-0855941 elementor-widget elementor-widget-spacer\" data-id=\"0855941\" data-element_type=\"widget\" data-widget_type=\"spacer.default\">\n\t\t\t\t<div class=\"elementor-widget-container\">\n\t\t\t\t\t\t\t<div class=\"elementor-spacer\">\n\t\t\t<div class=\"elementor-spacer-inner\"><\/div>\n\t\t<\/div>\n\t\t\t\t\t\t<\/div>\n\t\t\t\t<\/div>\n\t\t\t\t\t<\/div>\n\t\t<\/div>\n\t\t\t\t\t<\/div>\n\t\t<\/section>\n\t\t\t\t<section class=\"elementor-section elementor-top-section elementor-element elementor-element-dd42469 elementor-section-height-default elementor-section-height-default section-boxed is-skin bg-light bg-no columns-no bg-no wpr-particle-no wpr-jarallax-no wpr-parallax-no wpr-sticky-section-no\" data-id=\"dd42469\" data-element_type=\"section\">\n\t\t\t\t\t\t<div class=\"elementor-container elementor-column-gap-default\">\n\t\t\t\t\t<div class=\"elementor-column elementor-col-100 elementor-top-column elementor-element elementor-element-e2e41f7 columns-nosticky\" data-id=\"e2e41f7\" data-element_type=\"column\">\n\t\t\t<div class=\"elementor-widget-wrap elementor-element-populated\">\n\t\t\t\t\t\t<div class=\"elementor-element elementor-element-716468d elementor-widget elementor-widget-spacer\" data-id=\"716468d\" data-element_type=\"widget\" data-widget_type=\"spacer.default\">\n\t\t\t\t<div class=\"elementor-widget-container\">\n\t\t\t\t\t\t\t<div class=\"elementor-spacer\">\n\t\t\t<div class=\"elementor-spacer-inner\"><\/div>\n\t\t<\/div>\n\t\t\t\t\t\t<\/div>\n\t\t\t\t<\/div>\n\t\t\t\t\t<\/div>\n\t\t<\/div>\n\t\t\t\t\t<\/div>\n\t\t<\/section>\n\t\t\t\t<\/div>\n\t\t","protected":false},"excerpt":{"rendered":"<p>Actualit\u00e9s INTERNET FIBRE AU BENIN : CANALBOX REND L\u2019INSTALLATION GRATUITE PENDANT UN MOIS ! 6 mars 2026 FINAB 2025 : LE B\u00c9NIN C\u00c9L\u00c8BRE LA RICHESSE DE SES ARTS ! 5 f\u00e9vrier 2026 UNE FIGURE DU CIN\u00c9MA AFRICAIN S\u2019EST \u00c9TEINTE ! 30 janvier 2026 FIFF COTONOU 2026 : L\u2019ODYSSEE DU CINEMA FEMININ AFRICAIN ! 30 janvier 2026 Derni\u00e8re parution T\u00e9l\u00e9charger Cat\u00e9gories Actualit\u00e9s B\u00e9nin Cameroun cote d&#039;ivoire football Lifestyle Togo Videos<\/p>\n","protected":false},"author":1,"featured_media":17146,"parent":0,"menu_order":0,"comment_status":"closed","ping_status":"closed","template":"page-front.php","meta":{"footnotes":""},"coauthors":[18],"class_list":["post-3703","page","type-page","status-publish","has-post-thumbnail","hentry"],"acf":[],"_links":{"self":[{"href":"https:\/\/bluediamondtv.com\/index.php?rest_route=\/wp\/v2\/pages\/3703","targetHints":{"allow":["GET"]}}],"collection":[{"href":"https:\/\/bluediamondtv.com\/index.php?rest_route=\/wp\/v2\/pages"}],"about":[{"href":"https:\/\/bluediamondtv.com\/index.php?rest_route=\/wp\/v2\/types\/page"}],"author":[{"embeddable":true,"href":"https:\/\/bluediamondtv.com\/index.php?rest_route=\/wp\/v2\/users\/1"}],"replies":[{"embeddable":true,"href":"https:\/\/bluediamondtv.com\/index.php?rest_route=%2Fwp%2Fv2%2Fcomments&post=3703"}],"version-history":[{"count":298,"href":"https:\/\/bluediamondtv.com\/index.php?rest_route=\/wp\/v2\/pages\/3703\/revisions"}],"predecessor-version":[{"id":18321,"href":"https:\/\/bluediamondtv.com\/index.php?rest_route=\/wp\/v2\/pages\/3703\/revisions\/18321"}],"wp:featuredmedia":[{"embeddable":true,"href":"https:\/\/bluediamondtv.com\/index.php?rest_route=\/wp\/v2\/media\/17146"}],"wp:attachment":[{"href":"https:\/\/bluediamondtv.com\/index.php?rest_route=%2Fwp%2Fv2%2Fmedia&parent=3703"}],"wp:term":[{"taxonomy":"author","embeddable":true,"href":"https:\/\/bluediamondtv.com\/index.php?rest_route=%2Fwp%2Fv2%2Fcoauthors&post=3703"}],"curies":[{"name":"wp","href":"https:\/\/api.w.org\/{rel}","templated":true}]}}